79862?
8
What is the units digit of 7672?
2
What is the thousands digit of 1142?
1
What is the ten thousands digit of 11777?
1
What is the tens digit of 6013?
1
What is the thousands digit of 4489?
4
What is the tens digit of 78?
7
What is the units digit of 1435?
5
What is the hundreds digit of 370?
3
What is the thousands digit of 7332?
7
What is the units digit of 1870?
0
What is the tens digit of 1165?
6
What is the hundreds digit of 15786?
7
What is the tens digit of 21038?
3
What is the thousands digit of 16025?
6
What is the ten thousands digit of 14146?
1
What is the ten thousands digit of 25279?
2
What is the thousands digit of 5880?
5
What is the hundreds digit of 1210?
2
What is the units digit of 1971?
1
What is the thousands digit of 1517?
1
What is the ten thousands digit of 99128?
9
What is the units digit of 846?
6
What is the units digit of 2098?
8
What is the tens digit of 5047?
4
What is the hundreds digit of 388?
3
What is the hundreds digit of 986?
9
What is the hundreds digit of 5229?
2
What is the thousands digit of 1443?
1
What is the hundred thousands digit of 113750?
1
What is the ten thousands digit of 43770?
4
What is the tens digit of 21011?
1
What is the hundreds digit of 2302?
3
What is the units digit of 1183?
3
What is the hundreds digit of 29594?
5
What is the thousands digit of 5359?
5
What is the tens digit of 1214?
1
What is the thousands digit of 126145?
6
What is the hundreds digit of 135194?
1
What is the thousands digit of 29049?
9
What is the units digit of 19739?
9
What is the units digit of 21076?
6
What is the tens digit of 48?
4
What is the units digit of 7113?
3
What is the hundreds digit of 13296?
2
What is the tens digit of 96?
9
What is the thousands digit of 3002?
3
What is the hundreds digit of 8761?
7
What is the thousands digit of 76603?
6
What is the thousands digit of 1088?
1
What is the ten thousands digit of 13489?
1
What is the thousands digit of 1155?
1
What is the units digit of 1258?
8
What is the tens digit of 429?
2
What is the tens digit of 4846?
4
What is the hundreds digit of 24377?
3
What is the ten thousands digit of 55160?
5
What is the thousands digit of 21385?
1
What is the hundreds digit of 111301?
3
What is the hundreds digit of 547?
5
What is the hundreds digit of 1902?
9
What is the hundreds digit of 25571?
5
What is the hundreds digit of 3600?
6
What is the hundreds digit of 54630?
6
What is the units digit of 9462?
2
What is the hundreds digit of 3016?
0
What is the tens digit of 10103?
0
What is the ten thousands digit of 32949?
3
What is the units digit of 2118?
8
What is the thousands digit of 1338?
1
What is the units digit of 5122?
2
What is the thousands digit of 31866?
1
What is the hundreds digit of 5772?
7
What is the ten thousands digit of 30311?
3
What is the units digit of 729?
9
What is the tens digit of 3470?
7
What is the thousands digit of 4386?
4
What is the thousands digit of 2563?
2
What is the tens digit of 11830?
3
What is the tens digit of 47949?
4
What is the tens digit of 2295?
9
What is the hundreds digit of 861?
8
What is the thousands digit of 20001?
0
What is the units digit of 72?
2
What is the hundreds digit of 7402?
4
What is the thousands digit of 25549?
5
What is the units digit of 18667?
7
What is the ten thousands digit of 44071?
4
What is the units digit of 3194?
4
What is the hundreds digit of 658?
6
What is the hundreds digit of 15981?
9
What is the units digit of 801?
1
What is the tens digit of 383?
8
What is the tens digit of 121219?
1
What is the ten thousands digit of 54502?
5
What is the units digit of 2979?
9
What is the thousands digit of 2471?
2
What is the tens digit of 6997?
9
What is the tens digit of 946?
4
What is the hundreds digit of 2707?
7
What is the ten thousands digit of 13269?
1
What is the units digit of 176?
6
What is the tens digit of 12984?
8
What is the tens digit of 107239?
3
What is the hundreds digit of 109?
1
What is the ten thousands digit of 13737?
1
What is the ten thousands digit of 54868?
5
What is the hundred thousands digit of 153778?
1
What is the hundreds digit of 6758?
7
What is the hundreds digit of 51055?
0
What is the hundreds digit of 10026?
0
What is the hundreds digit of 56888?
8
What is the hundreds digit of 6861?
8
What is the tens digit of 868?
6
What is the tens digit of 1488?
8
What is the units digit of 1167?
7
What is the tens digit of 719?
1
What is the ten thousands digit of 20454?
2
What is the units digit of 14?
4
What is the hundreds digit of 1445?
4
What is the tens digit of 548?
4
What is the thousands digit of 1656?
1
What is the tens digit of 37494?
9
What is the ten thousands digit of 31141?
3
What is the thousands digit of 17476?
7
What is the thousands digit of 57647?
7
What is the tens digit of 42300?
0
What is the units digit of 2394?
4
What is the tens digit of 7823?
2
What is the thousands digit of 1020?
1
What is the units digit of 8134?
4
What is the hundreds digit of 7382?
3
What is the tens digit of 2641?
4
What is the tens digit of 284?
8
What is the thousands digit of 2457?
2
What is the tens digit of 740?
4
What is the units digit of 11947?
7
What is the hundreds digit of 420?
4
What is the hundreds digit of 678?
6
What is the units digit of 4352?
2
What is the tens digit of 36719?
1
What is the tens digit of 1014?
1
What is the ten thousands digit of 66467?
6
What is the hundreds digit of 5082?
0
What is the thousands digit of 1268?
1
What is the hundreds digit of 1138?
1
What is the tens digit of 735?
3
What is the units digit of 2418?
8
What is the hundreds digit of 69303?
3
What is the units digit of 2018?
8
What is the units digit of 1407?
7
What is the thousands digit of 10265?
0
What is the hundreds digit of 101955?
9
What is the thousands digit of 9534?
9
What is the ten thousands digit of 42893?
4
What is the thousands digit of 4164?
4
What is the thousands digit of 8675?
8
What is the tens digit of 3582?
8
What is the tens digit of 9781?
8
What is the units digit of 9311?
1
What is the thousands digit of 3715?
3
What is the hundreds digit of 19499?
4
What is the hundreds digit of 3822?
8
What is the thousands digit of 2762?
2
What is the units digit of 31817?
7
What is the tens digit of 1022?
2
What is the ten thousands digit of 36810?
3
What is the tens digit of 454?
5
What is the units digit of 490?
0
What is the units digit of 91836?
6
What is the thousands digit of 4342?
4
What is the thousands digit of 3343?
3
What is the thousands digit of 8931?
8
What is the hundreds digit of 788?
7
What is the hundreds digit of 7006?
0
What is the units digit of 77436?
6
What is the thousands digit of 112019?
2
What is the thousands digit of 1133?
1
What is the hundreds digit of 728?
7
What is the units digit of 1412?
2
What is the tens digit of 3419?
1
What is the units digit of 168?
8
What is the hundreds digit of 47958?
9
What is the thousands digit of 10023?
0
What is the tens digit of 9100?
0
What is the units digit of 800?
0
What is the hundreds digit of 3468?
4
What is the ten thousands digit of 189649?
8
What is the tens digit of 2167?
6
What is the units digit of 2951?
1
What is the tens digit of 421?
2
What is the hundreds digit of 168?
1
What is the ten thousands digit of 79156?
7
What is the tens digit of 830?
3
What is the units digit of 161?
1
What is the hundreds digit of 406?
4
What is the units digit of 8894?
4
What is the tens digit of 1350?
5
What is the units digit of 1524?
4
What is the ten thousands digit of 32750?
3
What is the units digit of 6875?
5
What is the hundreds digit of 836?
8
What is the units digit of 30?
0
What is the hundreds digit of 118007?
0
What is the hundreds digit of 77209?
2
What is the units digit of 2046?
6
What is the tens digit of 31472?
7
What is the units digit of 500?
0
What is the thousands digit of 100974?
0
What is the tens digit of 36191?
9
What is the hundreds digit of 53785?
7
What is the thousands digit of 15630?
5
What is the units digit of 48144?
4
What is the tens digit of 17167?
6
What is the ten thousands digit of 14769?
1
What is the hundreds digit of 1423?
4
What is the tens digit of 12983?
8
What is the tens digit of 5793?
9
What is the tens digit of 11829?
2
What is the thousands d